{"id":479,"date":"2023-01-28T23:09:35","date_gmt":"2023-01-28T23:09:35","guid":{"rendered":"https:\/\/nashvilledojo.com\/dojo\/?page_id=479"},"modified":"2024-03-06T19:23:03","modified_gmt":"2024-03-07T01:23:03","slug":"sensei-john-viall","status":"publish","type":"page","link":"https:\/\/nashvilledojo.com\/dojo\/sensei-john-viall\/","title":{"rendered":"Sensei John Viall"},"content":{"rendered":"<div class=\"wp-block-image is-style-rounded\">\n<figure class=\"alignright size-large is-resized\"><img loading=\"lazy\" decoding=\"async\" width=\"1024\" height=\"683\" src=\"https:\/\/nashvilledojo.com\/dojo\/wp-content\/uploads\/2023\/01\/JViall-1024x683.jpg\" alt=\"\" class=\"wp-image-41\" style=\"width:408px;height:272px\" srcset=\"https:\/\/nashvilledojo.com\/dojo\/wp-content\/uploads\/2023\/01\/JViall-1024x683.jpg 1024w, https:\/\/nashvilledojo.com\/dojo\/wp-content\/uploads\/2023\/01\/JViall-300x200.jpg 300w, https:\/\/nashvilledojo.com\/dojo\/wp-content\/uploads\/2023\/01\/JViall-768x512.jpg 768w, https:\/\/nashvilledojo.com\/dojo\/wp-content\/uploads\/2023\/01\/JViall-1536x1025.jpg 1536w, https:\/\/nashvilledojo.com\/dojo\/wp-content\/uploads\/2023\/01\/JViall-1200x801.jpg 1200w, https:\/\/nashvilledojo.com\/dojo\/wp-content\/uploads\/2023\/01\/JViall.jpg 1923w\" sizes=\"auto, (max-width: 709px) 85vw, (max-width: 909px) 67vw, (max-width: 1362px) 62vw, 840px\" \/><\/figure>\n<\/div>\n\n\n<h3 class=\"wp-block-heading\">4th Dan<\/h3>\n\n\n\n<p><strong>John Viall \u2013 Head Instructor of the Nashville Dojo<\/strong><\/p>\n\n\n\n<p><strong>1977<\/strong>&nbsp;\u2013 Viall Sensei began his karate training in Sh\u014drin-Ry\u016b (Matsubayashi Ry\u016b) at the age of 7 with his father. His father focused on basics and LOTS of board breaking.<\/p>\n\n\n\n<p><strong>1985<\/strong>\u00a0\u2013 At 15, he found a Sh\u014drin-Ry\u016b (Kobayashi Ry\u016b) Dojo in Torrance, CA, and began training with his second father, Richard Rabago. While training with Rabago Sensei, he also had the privilege of training with exceptional karateka: William Ford, Lelagi (Butch) Togisala, Ron Williams, and David Loo.<\/p>\n\n\n\n<p><strong>2006<\/strong>\u00a0\u2013 He relocated to Nashville, TN, with his wife, Maria, and their two kids.<\/p>\n\n\n\n<p><strong>2010<\/strong>\u00a0\u2013 While searching for a Sh\u014drin-Ry\u016b school to continue training, he stumbled across the Nashville Dojo, previously owned by Sensei Darren Reed. Not only is Sensei Viall happy to have found a dojo that he was pleased with, but he was also very happy to know that Nashville Dojo taught Isshinry\u016b Karate, a style composed of both Sh\u014drin-Ry\u016b and Goju-Ry\u016b. Reed Sensei immediately welcomed him and his family, and they became part of the dojo family. While training under Reed Sensei, he also had the opportunity to train with other memorable instructors: Butch Hill, Ray Clubb, Fred Jenkins, Rob Wethington, and the late Roy Vaughn.<\/p>\n\n\n\n<p><strong>2017<\/strong>&nbsp;\u2013 Reed Sensei passed on the Nashville Dojo to Viall Sensei. Many thanks to Reed Sensei for making this dream a reality.<\/p>\n\n\n\n<p><strong>Lineage<\/strong><\/p>\n\n\n\n<figure class=\"wp-block-image size-full is-resized\"><img loading=\"lazy\" decoding=\"async\" width=\"1909\" height=\"1358\" src=\"https:\/\/nashvilledojo.com\/dojo\/wp-content\/uploads\/2023\/01\/JV-MA-Lineage.png\" alt=\"\" class=\"wp-image-782\" style=\"width:1007px;height:716px\" srcset=\"https:\/\/nashvilledojo.com\/dojo\/wp-content\/uploads\/2023\/01\/JV-MA-Lineage.png 1909w, https:\/\/nashvilledojo.com\/dojo\/wp-content\/uploads\/2023\/01\/JV-MA-Lineage-300x213.png 300w, https:\/\/nashvilledojo.com\/dojo\/wp-content\/uploads\/2023\/01\/JV-MA-Lineage-1024x728.png 1024w, https:\/\/nashvilledojo.com\/dojo\/wp-content\/uploads\/2023\/01\/JV-MA-Lineage-768x546.png 768w, https:\/\/nashvilledojo.com\/dojo\/wp-content\/uploads\/2023\/01\/JV-MA-Lineage-1536x1093.png 1536w, https:\/\/nashvilledojo.com\/dojo\/wp-content\/uploads\/2023\/01\/JV-MA-Lineage-1200x854.png 1200w\" sizes=\"auto, (max-width: 709px) 85vw, (max-width: 909px) 67vw, (max-width: 1362px) 62vw, 840px\" \/><\/figure>\n","protected":false},"excerpt":{"rendered":"<p>4th Dan John Viall \u2013 Head Instructor of the Nashville Dojo 1977&nbsp;\u2013 Viall Sensei began his karate training in Sh\u014drin-Ry\u016b (Matsubayashi Ry\u016b) at the age of 7 with his father. His father focused on basics and LOTS of board breaking. 1985\u00a0\u2013 At 15, he found a Sh\u014drin-Ry\u016b (Kobayashi Ry\u016b) Dojo in Torrance, CA, and began &hellip; <a href=\"https:\/\/nashvilledojo.com\/dojo\/sensei-john-viall\/\" class=\"more-link\">Continue reading<span class=\"screen-reader-text\"> &#8220;Sensei John Viall&#8221;<\/span><\/a><\/p>\n","protected":false},"author":1,"featured_media":0,"parent":0,"menu_order":0,"comment_status":"closed","ping_status":"closed","template":"","meta":{"footnotes":""},"class_list":["post-479","page","type-page","status-publish","hentry"],"_links":{"self":[{"href":"https:\/\/nashvilledojo.com\/dojo\/wp-json\/wp\/v2\/pages\/479","targetHints":{"allow":["GET"]}}],"collection":[{"href":"https:\/\/nashvilledojo.com\/dojo\/wp-json\/wp\/v2\/pages"}],"about":[{"href":"https:\/\/nashvilledojo.com\/dojo\/wp-json\/wp\/v2\/types\/page"}],"author":[{"embeddable":true,"href":"https:\/\/nashvilledojo.com\/dojo\/wp-json\/wp\/v2\/users\/1"}],"replies":[{"embeddable":true,"href":"https:\/\/nashvilledojo.com\/dojo\/wp-json\/wp\/v2\/comments?post=479"}],"version-history":[{"count":8,"href":"https:\/\/nashvilledojo.com\/dojo\/wp-json\/wp\/v2\/pages\/479\/revisions"}],"predecessor-version":[{"id":1607,"href":"https:\/\/nashvilledojo.com\/dojo\/wp-json\/wp\/v2\/pages\/479\/revisions\/1607"}],"wp:attachment":[{"href":"https:\/\/nashvilledojo.com\/dojo\/wp-json\/wp\/v2\/media?parent=479"}],"curies":[{"name":"wp","href":"https:\/\/api.w.org\/{rel}","templated":true}]}}